/48. Let p = 141 + o. What is the units digit of p?
2
Let s(r) = 2*r**3 - 3*r + 2293. Let m be s(0). Suppose 6*k - 7235 = m. What is the tens digit of k?
8
Let q(s) = -5*s**3 + 6*s**2 - 15*s + 34. Let h be q(5). Let r = -167 - h. What is the tens digit of r?
4
Suppose 0 = 9*r - 14*r + 75. Suppose 4*c - 7*c = -r. Suppose -3*a - 144 = -4*m, -7*m + 2*m + 185 = -c*a. What is the tens digit of m?
3
Let a be 110/66 - (-4)/3. Suppose a*z - 6 = -24. What is the units digit of (-375)/(-2)*(-8)/z?
0
Suppose -5*d = 3*i - 15904, 10*i - 63511 = -2*i + d. What is the units digit of i?
3
Let g(q) = 12*q + 88. Let v be g(-7). Suppose 2136 = 4*f + v*p, 2*f + 3*p - 290 = 781. What is the tens digit of f?
3
Let o(t) = 3*t + 27. Suppose -2*g = -5*v + 40, 5*v - 4*v - 2*g - 16 = 0. What is the tens digit of o(v)?
4
Suppose 0 = -5*c + c + 4*o + 960, 5*c - 1224 = -o. What is the hundreds digit of c?
2
Let m = -220 - -225. Suppose 2*g + 174 = 8*x - 4*x, -m*x - 4*g = -198. What is the units digit of x?
2
Suppose -27 = -2*t + l - 4*l, -4*t - 1 = -5*l. Suppose -35 = t*c - 179. What is the tens digit of c?
2
Let g = 17 + -12. Suppose -5 = g*b - 5*o, -2 = -6*b + b - 2*o. Suppose b = -32*v + 37*v - 505. What is the hundreds digit of v?
1
What is the thousands digit of (-48)/(-9)*(-10 - -422 - 1)?
2
Let d be (-2 + -2)*(-14 + 6)*-13. What is the units digit of (-2)/((6/d)/(15 + -12))?
6
Suppose 0 = 5*j - 2358 - 1242. Suppose -5*m + m + j = 0. Suppose -16*n + m = -11*n. What is the tens digit of n?
3
Suppose d - 4*d + 9 = 0, -3*d + 121 = -2*l. Let q be (192/l - -6) + (-6)/(-14). What is the units digit of -3 + -2 + 39 - (-3)/q?
5
Suppose -152 = 27*d - 8*d. What is the tens digit of ((-2)/(-8))/((d - -5)/(-1068))?
8
Suppose -26725 = -4*c + 5*j, -2*j + 26746 = 2*c + 2*c. What is the hundreds digit of c?
6
Let b(r) = 4*r - 62. Let d = 51 + -47. Suppose w - 8 = d*m - 1, -m + 3 = 0. What is the tens digit of b(w)?
1
Let c = 5116 + -2251. Suppose -1347 = -4*j + c. What is the thousands digit of j?
1
What is the hundreds digit of ((-1)/(-3))/(3571374/(-357138) - -9 - -1)?
8
Let m be (1 - 0)/(8687/(-1449) + 6). What is the units digit of (-2)/9 + 79534/m?
4
Let n = 54 + -52. Suppose -3*a + 2*r + 1447 = 0, -3*a - n*r = -1788 + 361. Suppose 4*i + 383 = 2*m + 71, 3*m + 5*i = a. What is the tens digit of m?
5
Let g(a) = -a**3 - a**2 - a + 6548. What is the thousands digit of g(0)?
6
Let z be -15*((-16)/(-12))/(-4). Let b be (7/(-2))/(z - (-203)/(-42)). What is the units digit of (-287)/b*(0 - -3)?
1
Let w = 99 + -95. Suppose -3*a + 4*j + 12 = -a, a = w*j + 14. What is the tens digit of -2 - (a - -3) - -35?
3
Let s = -468 - 358. Let j = 1169 + s. What is the hundreds digit of j?
3
Suppose -12*y + 11*y - 2*f + 2748 = 0, 2*f - 8 = 0. Suppose 3*l = y + 605. What is the tens digit of l?
1
What is the tens digit of 3603/(-6)*-10*(4 + -3)?
0
Suppose -8671*u + 8658*u + 158093 = 0. What is the ten thousands digit of u?
1
Let z(k) = 6*k**2 + 2*k + 13. Suppose 0 = -5*p - 2*c - 24, 0 = -5*c + 6*c + 2. Let t be z(p). Suppose -t = -9*s + 8*s. What is the units digit of s?
1
Suppose -4*z + 1435 = -1289. Suppose -10*u - 274 = -304. Suppose u*q - z = -5*a, 0*a = 5*a + 5*q - 685. What is the hundreds digit of a?
1
Let j = -52595 + 83011. What is the units digit of j?
6
Let c(s) = 8574*s - 3432. What is the tens digit of c(4)?
6
Let y be ((-24462)/(-4))/9*-8. What is the tens digit of (-8)/52 + y/(-13)?
1
Let u(l) = 43*l**2 + 20*l + 614. What is the units digit of u(-12)?
6
Suppose 616*o = 619*o - 88254. What is the tens digit of o?
1
Suppose 3*r = 2*h + 65999, 6*h - 55097 + 11127 = -2*r. What is the ten thousands digit of r?
2
Let d be -13 + 20/4*2/(-5). What is the hundreds digit of (d - -50)*(-4 + 2 + 17)?
5
Let f = 580 + -212. Suppose -3*k + 557 = -d, 5*d + f + 12 = 2*k. What is the hundreds digit of k?
1
Suppose 5*a - 8 = 52. Let t be (-1)/6*3*18. What is the units digit of a + 8/((-24)/t)?
5
Suppose 0 = j + x - 2772, 9603 = 5*j - x - 4287. Suppose -j = -4*c + 3*h, h = 8 - 11. What is the hundreds digit of c?
6
Suppose 0 = -3*q - 4*o + 24310 - 2411, -3*q + 21907 = 2*o. What is the thousands digit of q?
7
Let l be (4/5)/(6 + (-174)/30). Suppose -7*z + 555 = -l*z + 3*s, -5*z + 3*s = -957. What is the hundreds digit of z?
1
What is the units digit of 2864412/153 + (-276)/(-782)?
2
Let c(u) be the second derivative of 21*u**5/20 - u**4/6 + u**2/2 + 95*u. What is the units digit of c(2)?
1
Let c(k) = k**2 - 6*k + 7. Suppose -33*b = -36*b + 12. Let i be c(b). What is the hundreds digit of (0 + -53)/(20/(-16) - i)?
2
Let w(v) = 7*v + 18. Let x be (-3)/(-9)*(6 - 0). Suppose 5*u - 45 = p, -x*u + 2*p + 29 - 11 = 0. What is the tens digit of w(u)?
8
Let d(p) be the second derivative of 157*p**3/6 - 63*p**2/2 + 230*p. What is the units digit of d(4)?
5
Suppose 1 = 407*w - 406*w. What is the tens digit of (2 - 5)/((-1)/w)*155?
6
Let a be (-5712)/(-70) + (-4)/(-10). Suppose 0 = -a*x + 85*x - 531. What is the tens digit of x?
7
Let x = 68 - 45. What is the hundreds digit of ((-2658)/(-15))/(5/(x + 2))?
8
Let j = 1874 - -262. Suppose 0 = 32*w - 34*w + j. What is the units digit of w?
8
Let m(l) = -l**2 - 13*l - 37. Let t be m(-3). What is the hundreds digit of (12 + -2287)/t + 2*2?
3
Let s be 2 + 2958 - 10/2. Suppose 2*c = -3*n + s, -9*c - 1480 = -10*c + n. What is the units digit of c?
9
Suppose 95*d = 91*d + 2*q + 67360, -2*q = 4*d - 67336. What is the tens digit of d?
3
Suppose 2*b + 2 = z, -3*b = z - 0*b - 27. Let l be (-32)/z*-2*(-30)/(-8). Let d(s) = 4*s - 49. What is the tens digit of d(l)?
3
Let s be ((-48)/40)/((1/65)/(-1)). What is the hundreds digit of ((-7)/(-3) + (-104)/s)*209?
2
Let b = -16186 - -25571. What is the tens digit of b?
8
Suppose 3*v - u = 21603, 0 = -4*v - 53*u + 49*u + 28820. What is the units digit of v?
2
Suppose 46*r + 45584 - 394395 = 1115691. What is the units digit of r?
7
Let a = 185 + -215. What is the units digit of (1 + 108/(-8))/(1/a)?
5
Let c be 2/(2/(-6) - 4780/(-14304)). Suppose -4*i = -c - 512. Suppose 726 + i = 10*x. What is the tens digit of x?
4
Let m(b) = 3*b**3 + 101*b**2 + 7*b + 5. What is the units digit of m(-30)?
5
Let b = -10481 + 22305. What is the hundreds digit of b?
8
Suppose 2*h = -4*v + 89360, -34*h + 35*h - 44713 = 9*v. What is the units digit of h?
6
Let m(c) = -2*c**3 + 2*c**2 - 2*c - 23. Let b be m(-5). Let j = b - 211. What is the tens digit of j?
7
Let i be -137*((4 - 0) + 0). Let a = -2247 + 2249. What is the tens digit of (i/(-16))/(a/8)?
3
Let u = -489 + 1480. Let t = u + -594. What is the hundreds digit of t?
3
Let t(o) = o + 1. Let j(g) = g**2 + 21*g - 12. Let u(r) = -j(r) + 6*t(r). Let m be u(14). Let k = -270 - m. What is the units digit of k?
8
Let c be (-4)/(24016/12027 - (-2)/(-1)). Suppose -17*t + 23*t - c = 0. What is the units digit of t?
1
Suppose 11*d + 16 = 5. What is the hundreds digit of 7 - (-1344)/(d + 8)?
1
Suppose 9*m - 13*i - 11637 = -9*i, -5172 = -4*m + 4*i. What is the tens digit of m?
9
Suppose 21217 = d - p, 4*d = 3*d - 6*p + 21175. What is the units digit of d?
1
Suppose 0 = 495*h - 523*h + 33600. What is the tens digit of h?
0
Suppose -3*l = 115 + 107. Let b be (-2)/(-19) - 25/(4275/18486). Let r = l - b. What is the units digit of r?
4
Suppose 6*x + x = 21. Suppose -b - 240 = x*b. What is the units digit of b/((-5)/60*3)?
0
Let n = -2818 + 5629. What is the tens digit of n?
1
Let g(d) = -21*d**2 + 3*d + 27. Let l be g(6). Let t = -450 - l. What is the hundreds digit of t?
2
Let h be 2381 + 3 - (5 + -11). Suppose 5*k + 5*v - 1490 = h, -2*k = -3*v - 1547. What is the units digit of k?
5
Let p = 221 - 212. What is the units digit of ((2 + -1)*-2)/(p/(-1224))?
2
Let g = 51 + -55. Let c = 11 - g. What is the hundreds digit of (415/c)/(-2 - (-26)/12)?
1
Let f = -20618 - -38716. What is the thousands digit of f?
8
Suppose 348*c + 580032 = 372*c. What is the hundreds digit of c?
1
Suppose -141*l + 13076 = -138*l + z, 0 = -3*l + 5*z + 13046. What is the tens digit of l?
5
Let z be (-42)/(-4)*(-18)/(-27). Suppose 2 = -3*b - z, -2*p + 361 = -5*b. What is the hundreds digit of p?
1
Let s = 206 + -570. Let j = s + 549. What is the units digit of j?
5
Suppose -5*c + 5 = 0, 25026 = 2*o - 2*c - 17060. What is the units digit of o?
4
Le